5*s**3 + 6*s**2 + 28*s - 33. Calculate the remainder when 143 is divided by x(1).
5
Suppose -3*h - 2*k + 35 = 0, -4*h = -k - 4*k - 62. Suppose 77 = -2*w + h*w. What is the remainder when w is divided by 5?
2
Let l(h) = -79*h**3 + 2*h**2 + 2*h + 454. Calculate the remainder when l(0) is divided by 42.
34
Let l = -15 - -25. Let y = l + 49. Calculate the remainder when y is divided by 5290/3703 + (-190)/(-14).
14
Suppose 79 = -213*d + 214*d + 2*u, -d - u + 82 = 0. What is the remainder when 1442 is divided by d?
82
Suppose 3*w = 2*a + 126, 26*a - 80 = -2*w + 27*a. Suppose -2*j + q + 547 = 0, 0 = 2*j + q - 515 - 42. What is the remainder when w is divided by (-4)/10 + j/15?
16
Let a(p) = 3*p**2 + p - 3. Let b be a(-2). Suppose -7*k + 210 - b = 0. Suppose 17*n - 1520 + 92 = 0. What is the remainder when n is divided by k?
26
Let n(i) = 3*i**3 - 20*i**2 + 92*i - 4. What is the remainder when n(5) is divided by 139?
53
Suppose t = 5*u + 629, -4*t - 5*u + 3350 = 859. Calculate the remainder when t is divided by 175.
99
Suppose -4*g + 296 = 4*d, -d + 12 = 2*d. Suppose -3*x + 625 = -2*t, 429 = 57*x - 55*x + 11*t. What is the remainder when x is divided by g?
69
Let q = 563 + -203. Suppose -25*w + 10*w + q = 0. Calculate the remainder when 161 is divided by w.
17
Suppose 0 = -5*o + 1 + 4, 115 = 4*v - o. Let r(j) = j**3 - 36*j**2 + 195*j - 434. What is the remainder when v is divided by r(30)?
13
Suppose -2*i + 25 = -21. Suppose h - 2*d = -d + 2, 3*h - 4*d = 8. Suppose r + 50 + 84 = v, h = 4*v + 4*r - 544. What is the remainder when v is divided by i?
20
Suppose -17*l + 963 - 334 = 0. Calculate the remainder when 288 is divided by l.
29
Suppose 0 = 3*r + 11*r - 70. Suppose -r*c + 3*x = -2*x - 990, -600 = -3*c + x. What is the remainder when c is divided by 41?
37
Let a = -6064 + 6237. Calculate the remainder when 511 is divided by a.
165
Suppose 5*s - z - 136 = 0, 4*s + 33*z - 116 = 32*z. Calculate the remainder when s is divided by 344/24 + (-4)/(-6).
13
Let g be 73/(-2)*2 + -2 + 5. Let d be 3 - g/(-22) - 324/33. Calculate the remainder when (-2 - d/(-8))/(3/(-84)) is divided by 31.
29
Suppose -a + 6 = -d, 3*d = d + 3*a - 12. Calculate the remainder when -173*((-12)/(-2))/d is divided by 58.
57
Suppose -3*k = z - 24 + 1, 0 = 5*z - 4*k - 39. Let d(g) = -10*g - 51 - g**3 - 16*g**2 + 6*g + 40. Calculate the remainder when d(-16) is divided by z.
9
Let f = 2978 + -1762. Calculate the remainder when f/(-95)*5/(-2) is divided by 19.
13
Suppose 4*t = -b + 61 - 10, 0 = -5*b - 4*t + 207. Suppose -b + 4 = -n. What is the remainder when n is divided by ((-12)/(-5))/(54/405)?
17
Suppose 2*v + 2*v - 117 = -9*v. Let n = -2 - -2. Let h = n - -25. What is the remainder when h is divided by v?
7
Let h = -94 + 152. Suppose -3*f - 72 = -3*v, 2*v = 5*f + 31 + 14. Suppose u + 59 + 16 = 4*b, -u = b - v. Calculate the remainder when h is divided by b.
18
Let v(p) = -p**2 - 28 - 31 + 9*p + 60. Calculate the remainder when 41 is divided by v(8).
5
Suppose -101*f + 152*f - 12444 = 0. What is the remainder when f is divided by 244?
0
Let s = 9284 - 9269. Let g be (-2)/7 + (-436)/(-7). Suppose -b - 3*u + 6*u + g = 0, -3*u = b - 86. Calculate the remainder when b is divided by s.
14
Let l be 2/(-7) - 13293/(-49). Suppose 225 + l = 16*x. Calculate the remainder when x is divided by 9.
4
Let f = 23695 + -23587. Calculate the remainder when 1097 is divided by f.
17
Suppose 6 + 6 = -3*i, 4*i + 833 = u. What is the remainder when u is divided by 21?
19
Suppose 75 = 3*w - 3*p + 3, -20 = -2*w - 5*p. Suppose 2*s + 1852 = -g + 5*g, 5*s = -w. Calculate the remainder when g is divided by 16.
13
Let d(k) = 11*k + 9. Let y(w) = 12*w + 10. Let o(l) = 6*d(l) - 5*y(l). Let n be o(-1). Calculate the remainder when n/3*145/(-10)*3 is divided by 8.
5
Suppose -3*g + 7*g = 12. Suppose d - 27 = 4*d - 4*p, 5*d + 16 = -g*p. Let f(h) = 3*h**2 + 10*h - 8. What is the remainder when 98 is divided by f(d)?
13
Suppose 0 = 2*f + 10, -f = 2*i + 2*f - 2113. Suppose 3*t - i = -5*p + 4*t, p = 5*t + 208. Let c = -1310 + 1364. Calculate the remainder when p is divided by c.
51
Suppose -t + 371 = 2*s + 60, 2*t = -s + 610. Let o = t + -293. Calculate the remainder when o is divided by ((-9)/6)/(2/(-4)).
1
Suppose -1477*a + 1484*a = 42. What is the remainder when 667 is divided by a?
1
Let g(i) = -i + 5. Suppose 595*m + 28077 = 219072. Calculate the remainder when m is divided by g(-4).
6
Suppose -5*l - 4*b - b + 255 = 0, l = 4*b + 56. What is the remainder when 310 is divided by l?
50
Let r be (-18 + 9 + 7)*1. Calculate the remainder when r/(8 + (-9424)/1176) is divided by 75.
72
Let q(s) = 8*s**2 - 2*s + 35. Let o(d) = -4*d**2 - 18. Let f(t) = 5*o(t) + 3*q(t). What is the remainder when 436 is divided by f(2)?
18
Calculate the remainder when (-13050)/(-12)*(-10)/(-15) is divided by 155.
105
Let x(q) = -22*q + 928. What is the remainder when x(33) is divided by 41?
38
Let o(i) = -3461*i - 62278. Suppose -2*z + 610 = 3*z. Let w = z - 83. Calculate the remainder when w is divided by o(-18).
19
Suppose 10*c - 54 = 16*c. Let o be (-3)/(c/14) + 4/(-6). Suppose -o*s = -5*h - 23, -3*s + 9 = 2*h - 3*h. What is the remainder when 6 is divided by s?
0
Let d(x) = 3473*x - 20771. Suppose 0 = -2*v - 0*v + 258. What is the remainder when v is divided by d(6)?
62
Let r = 3151 + -3144. Calculate the remainder when 434 is divided by r.
0
Suppose -4*m - 222 + 282 = 0. What is the remainder when ((-127)/3)/((-27)/162) is divided by m?
14
Let l = -7837 - -8240. What is the remainder when l is divided by 97?
15
Suppose 2678*d - 2660*d = 12654. What is the remainder when d is divided by 47?
45
Calculate the remainder when ((-29565)/6)/27*(-92)/5 is divided by 84.
82
Let v(a) = a**3 - 29*a**2 + 39*a - 143. What is the remainder when v(28) is divided by 45?
30
Suppose -35*p = -39*p + 20. Suppose 4*r - 14*z - 60 = -10*z, -5*z = p*r - 25. What is the remainder when 258 is divided by r?
8
Let g(j) = -9*j + 49. Let y(s) = -10*s**2 + 62*s**3 - 3 - 61*s**3 - 3*s**2 - 3. Let p be y(13). What is the remainder when g(p) is divided by 26?
25
Calculate the remainder when 396 is divided by 78/(104/(-8)) + 9.
0
Let c be (4 - 2) + 162 + 25. Suppose -z - c = -289. What is the remainder when z is divided by 21?
16
Suppose 60 = -8*h + 18*h, -v - 3*h + 107 = 0. What is the remainder when 9698 is divided by v?
86
Suppose -5*q - 429*x + 432*x = -3009, 2*q - 3*x - 1209 = 0. What is the remainder when q is divided by 10?
0
Suppose 5*k - 5*x = 55 - 15, -15 = -5*x. Suppose 5*t - 8*t = -12. Calculate the remainder when (t/(-3))/(7/(-630)) is divided by k.
10
Suppose -5*s - 2*w + 100 = 3*w, -s - 10 = -5*w. Suppose -r - 10 - 2 = -4*q, -5*q = -s. What is the remainder when (13 - 3)*(r - 26/(-4)) is divided by 22?
21
Suppose 39820 - 173316 = -185*u + 487734. What is the remainder when u is divided by 140?
138
Suppose -8*l = -3*l. Suppose -5*t + 35 = -l*t. Suppose 16*s + 110 = 286. What is the remainder when s is divided by t?
4
Let i(s) = 2*s**2 - 16*s - 12. Let g be i(-3). Let r = g - -349. What is the remainder when r is divided by 101?
100
Let f = 18482 - 14780. What is the remainder when f is divided by 103?
97
Let s = 561 + -220. Let f = 460 - s. Calculate the remainder when f is divided by 24.
23
Suppose 536 + 1345 = 171*o. Let a(p) = 15*p - 4. What is the remainder when a(8) is divided by o?
6
Suppose -155*q + 161*q = 306. Suppose 60 = 4*u - 53*w + q*w, -3*u = 4*w - 23. What is the remainder when u is divided by 12?
1
Suppose 4*o + 55 = 5*n, 0*o - 3*o - 40 = -4*n. What is the remainder when 1/(21/1863) - o/70 is divided by 10?
9
Let g = 95 + -94. Suppose 0 = 10*o + g - 21. Let c = 25 + -17. What is the remainder when c is divided by o?
0
Suppose 0 = -5*p - 4*o + 62, -3*o - 12 = -21. Let v = -121 + 198. Calculate the remainder when v is divided by p.
7
Let f(w) = 20*w**2 - 53*w + 1. Calculate the remainder when f(7) is divided by 156.
142
What is the remainder when 864 is divided by ((6 - 14/2)*47 + -1)*-6?
0
Let k(v) = 18*v + 6. Suppose 336 = -34*t - 49*t + 111*t. Calculate the remainder when k(6) is divided by t.
6
Let d be (2/1 + -3)/((-4)/8). Calculate the remainder when (-2)/((-162)/6867) + d/9 is divided by 8.
5
Suppose -8*h - 4046 = -25*h. Let o(y) = 6*y